37. Let f = p - 27. What is the units digit of f?
4
Suppose 4*j - 4*s - 140 = 0, 4*s + 66 = 5*j - 3*j. What is the units digit of j?
7
Let q(f) = -f**3 + 11*f**2 + 7*f + 5. What is the units digit of q(-4)?
7
Let s be 2/(-1 - (-14)/10). Suppose 3*r + 27 = -5*l + 121, -l = -s*r + 110. What is the tens digit of r?
2
Let c(z) = z**3 + 12*z**2 - 4*z + 4. What is the tens digit of c(-12)?
5
Suppose -15 = -b + 3*v, -b - v = 2*b - 5. Suppose -2*c + 29 = -5*p, 2*c + b*p = 31 + 6. What is the units digit of c?
7
Let d(v) = -v**3 - 2*v**2 - v - 2. Let z be d(-2). Suppose z = 5*j + 4 - 34. What is the units digit of j?
6
Suppose q - 3 = 1. Suppose -q*a + 40 + 36 = -4*c, 0 = -2*a - 4*c + 32. What is the units digit of a?
8
Let s = 219 + -105. What is the units digit of s?
4
Let i(w) = -w**3 - 16*w**2 + 17*w + 30. What is the tens digit of i(-17)?
3
Let f(g) be the third derivative of g**5/30 - g**3/6 - 4*g**2. What is the tens digit of f(-3)?
1
Suppose 3*m + 6*w = 2*w + 257, -w + 260 = 3*m. Suppose -3*k - 3*c = 2*c - m, -3*c + 9 = 0. What is the units digit of k?
4
Let x(m) = -m + 3. Let b = -1 - 3. What is the units digit of x(b)?
7
Let y = 13 - 14. What is the tens digit of y + (-1 - -5*6)?
2
Suppose -2*n + 24 = 3*i, -2*i + 13 = 2*n - 11. Suppose 8*h - 7*h = n. What is the tens digit of h?
1
Let t be 3/(2 + (-10)/6). Suppose b + 8 = 2*g + 2*b, 5*g - t = 3*b. Suppose -5*o - 25 = -5*s, 5*o = -2*s + g*o - 6. What is the units digit of s?
1
Let g(a) = -36*a + 1. What is the tens digit of g(-2)?
7
Suppose 3*i + 2*m - 66 = m, 0 = -i + 4*m + 22. Suppose -i + 2 = 2*y. What is the tens digit of (-106)/y + 4/10?
1
Let o be (-34)/(-8) - 2/8. Let s be (-9)/3 + o - -1. Suppose 5*z + s*y = -0*z + 22, z + 5*y - 9 = 0. What is the units digit of z?
4
What is the units digit of -3*68/(-3) - (-2)/(-2)?
7
Let m be (-2 + -5)*(-36)/21. Suppose 4*r = -3*p - 11, -p + 4*r + m = -11. Suppose -p*v + 14 = -2*v. What is the tens digit of v?
1
Let f(q) = -2*q. Let y be f(8). Let v = 28 + y. What is the tens digit of v?
1
Let b(i) = -2*i + 210. What is the hundreds digit of b(0)?
2
Let b be 4/(-22) - (-2)/11. Let f = 4 + b. What is the units digit of f?
4
Let h = -4 + 2. Let p be (-2)/4 + (-5)/h. Suppose -2*i = -3*u - 1, 14 + 7 = p*u + 3*i. What is the units digit of u?
3
Let d = 105 - -8. What is the units digit of d?
3
Let n be (-1)/2 - 14/(-4). Let l(f) be the first derivative of 2*f**3/3 - 5*f**2/2 + 3*f + 1. What is the units digit of l(n)?
6
Let k(h) = h**2 + 12*h + 7. What is the hundreds digit of k(12)?
2
Suppose 4*k - 2*k - 18 = -2*r, k + 3*r = 17. Suppose k*h - 8 - 32 = 0. What is the units digit of h?
8
Let c = 15 + 108. What is the tens digit of c?
2
Let o(l) = l + 27. What is the tens digit of o(12)?
3
Suppose 5*g - 42 = 48. Suppose -2*i + 0*v = v - g, -i = -v - 9. What is the units digit of i?
9
Let j(q) be the second derivative of -q**4/8 - q**3/3 - q**2 - 2*q. Let v(h) be the first derivative of j(h). What is the tens digit of v(-4)?
1
Let z be (-55)/(-3) - 3/9. Suppose 5*n - 12 = z. Suppose n + 54 = 5*t. What is the tens digit of t?
1
Suppose -p - 5*x - 7 = 0, -2*p = 2*p + 4*x + 44. Let o = p - -27. What is the tens digit of o?
1
Suppose 0 = 2*a - 5*a + 105. Let f be a/15 - 4/(-6). What is the units digit of 1/(3/36*f)?
4
Let d(i) = -i**2 + 9*i + 3. Let q be d(9). Let s(t) = 4 - 3 - q - t. What is the units digit of s(-7)?
5
Let d be 39/9 - (-2)/3. Suppose d*z - 5*w = 65, -6*w + 17 = 4*z - 3*w. What is the units digit of z?
8
Suppose -4*u - 3*r = -68, -2*r = -9*u + 6*u + 68. What is the tens digit of u?
2
Let c = -12 + 19. Let r = 4 - c. What is the tens digit of (1 + 2 - -17) + r?
1
Let x(w) = -w**3 + 11*w**2 + 2*w - 6. What is the units digit of x(11)?
6
Suppose -6*p = -4*p - 46. Let i = p - 2. Suppose f - c = 9, -f + i = -0*c - 4*c. What is the units digit of f?
5
Suppose 2*u + 33 = -87. Let f be ((-3)/9)/(2/u). Suppose n - 3 = f. What is the units digit of n?
3
Let g = 98 + -3. Suppose -8*h = -3*h - g. What is the units digit of h?
9
Let r = 15 - 10. Let m(i) = 1 + i + 0 - i**3 + 5*i**2 - 1 - 2. What is the units digit of m(r)?
3
Suppose -i = -7 + 4. Suppose 8 = i*n - 46. Let y = n - 10. What is the units digit of y?
8
Let z(w) = -w**2 + 5*w - 3. Let a be z(2). Let x(i) = 3*i**2 + 2*i - 1. What is the units digit of x(a)?
2
Let y be 6/(-21) + (-60)/(-14). Suppose 16 = -5*j + 4*m, -13 = -y*m + 3. Let f(w) = w + 2. What is the units digit of f(j)?
2
Let d = 79 + -9. What is the tens digit of d?
7
Let z(n) be the first derivative of 5*n**4/12 - n**3/6 - n**2/2 - 4*n - 1. Let f(o) be the first derivative of z(o). What is the units digit of f(-2)?
1
Suppose 7*l = 3*l. Let r = l - -2. What is the units digit of r?
2
Suppose 5*c + 0*c - 170 = 0. Suppose 5*x + 3*k - 5 = c, k = 5*x - 27. What is the units digit of x?
6
Let q(f) = f**3 - 7*f**2 + 8*f - 6. Let j be q(6). Suppose j*w - 2*w = 4*z + 48, w - 12 = -3*z. What is the tens digit of w?
1
Let f = 5 - -25. What is the units digit of f?
0
Let v be (-4)/(8/(-6)) + -1. Let l = v + 1. What is the units digit of l?
3
Suppose 7*w + 24 = 59. What is the units digit of w?
5
What is the tens digit of (48/(-15))/(2/(-20))?
3
Let b(s) = -2*s - 8. Let g be b(-6). Suppose 0 = -g*j + 123 - 19. What is the units digit of j?
6
Let k(p) = p + 8. Let u(b) = 3*b + 15. Let n(m) = 5*k(m) - 2*u(m). What is the tens digit of n(-8)?
1
Suppose -k - 2*k = -156. What is the tens digit of k?
5
Let w be 3/(-2)*6/9. Let t = w - -4. What is the units digit of t?
3
Let l(s) = -s**3 - s**2 + s + 1. Let j be l(-1). What is the units digit of 1 + (j - (1 + -1))?
1
Let i(w) = 10*w - 4*w + w**2 + 2 - 1 + 5. What is the units digit of i(-6)?
6
Let l be 42/11 + (-14)/(-77). Let d be l/6 - (-2)/6. What is the units digit of (d - 2)/(-4 + 3)?
1
Let x(q) = -3*q - 4 + 2 + 2. What is the tens digit of x(-4)?
1
Let p = 7 + 21. Let n = 20 - 37. Let k = p + n. What is the units digit of k?
1
Let u = 23 - 15. Suppose 0 = -3*y + u*y - 160. What is the units digit of y?
2
Suppose -g = -3*a - 163, -93 - 559 = -4*g - 5*a. What is the units digit of g?
3
Let b be (3 - 2)/(2/10). Suppose 3*w - 23 = -b*y + 2*w, -4 = 2*w. Suppose -4*o - 4*u = -22 - 46, -y*o + 2*u = -64. What is the tens digit of o?
1
Suppose -4*d + 29 = -3*d. What is the units digit of d?
9
Suppose 2*o = -3*l + 24, l - 5*o - 17 - 8 = 0. Suppose -v = 4*h + 8 + l, -4*h - 16 = 2*v. Suppose -1 - 11 = -v*u. What is the units digit of u?
6
Suppose 2*k - 120 = -2*v, 2*k = -2*k - 5*v + 235. What is the tens digit of k?
6
What is the units digit of (-30)/(-75) - (-3)/(-10)*-372?
2
Let t = 13 + 0. What is the tens digit of t?
1
Let c = -128 - -80. What is the units digit of ((-6)/12)/(2/c)?
2
Let i(j) = -j**3 + 5*j**2 + 2. Let a be i(5). What is the units digit of (4 - 5)*a*-2?
4
Suppose -3*v + 236 = o + 92, 4*v = 2*o + 192. What is the tens digit of v?
4
Let k(i) = 25*i + 2. What is the tens digit of k(2)?
5
Let o(z) = -z**2 + 15*z - 22. What is the tens digit of o(11)?
2
Suppose 0 = -3*r + 6. Suppose r*d = d. Suppose d*m = -3*m + 33. What is the tens digit of m?
1
Let q be (-57)/(-4) + 2/(-8). Let t = 26 - q. What is the units digit of t?
2
Let g = 12 + -20. Let q(c) = c**3 + 4*c**2 - 3*c + 5. Let s be q(-4). Let r = g + s. What is the units digit of r?
9
Let c be (-4)/3*(0 - 6). Suppose 40 = 4*r + c. What is the units digit of r?
8
Let z(r) = 3*r - 7. What is the units digit of z(5)?
8
Suppose 4*t - 279 = 89. What is the tens digit of t?
9
Suppose 22*v + 748 = 26*v. What is the tens digit of v?
8
Let h be 0/1 + (-3 - -5). Suppose u - g = h, -3*u - g = -2*u - 8. What is the units digit of u?
5
Let h = 16 - 10. Suppose -m = 3*t - h, 5*m = 4*t + 40 + 9. What is the units digit of m?
9
Suppose 7*x - 551 - 23 = 0. What is the units digit of x?
2
Suppose 5*q - 9 = 1. What is the units digit of (36/(-9))/(q/(-20))?
0
Let b be ((-4)/6)/(1/6). Let l be (2 + b)/((-4)/(-10)). Let y = l + 16. What is the tens digit of y?
1
Let o(i) = i**3 + 9*i**2 - 3*i - 2. What is the tens digit of o(-9)?
2
Suppose 7 = 4*y - 3*y. Let h(l) = 2*l - 2*l + l. What is the units digit of h(y)?
7
Suppose 3*n + 4*k - 266 = 0, 294 = 3*n - 0*n - 3*k. What is the tens digit of n?
9
What is the tens digit of (11 + 4 + 4)/1?
1
Suppose -2*v - 4*c 